 - -42. Suppose -5*r = 26 - q, 5*v + 21 = -4*r. What is the remainder when (8*v/2)/((-3)/24) is divided by 7?
4
Let o = 5577 - 5537. What is the remainder when 221 is divided by o?
21
Let f = -65 + 75. Let n(q) = q**3 + 21*q**2 - 29*q + 31. Let b be n(-22). Suppose 9 = -4*s + b. Calculate the remainder when s is divided by f.
4
Suppose -114030 = 21*p - 564*p. Calculate the remainder when 519 is divided by p.
99
Let j(a) = -154*a - 1787. What is the remainder when 1218 is divided by j(-12)?
59
Let y be 1*((-3)/9)/(-1)*-69. Let w be y/(-5) + -5 - (-4)/10. Suppose 0*p + p = 5*o + 31, -2*p - 5*o - 13 = w. What is the remainder when 28 is divided by p?
4
Let r(q) = 4*q**2 - 20*q + 1. Let o be r(5). Let g = 19 + 2. Calculate the remainder when g is divided by (o/(-3))/((-8)/264).
10
Let a = -24 + 48. Let r = 1526 + -981. Let b = 687 - r. What is the remainder when b is divided by a?
22
Let a(c) = 36*c**2 + 2*c + 1. Suppose -2146 = -334*k + 10546. Calculate the remainder when k is divided by a(-1).
3
Suppose 9*d + 570 - 102 = 0. Calculate the remainder when 208 is divided by 8/d - (-6219)/117.
49
Let a be ((-3 - -5)/(-2) + 2)*4. What is the remainder when 2/a - (-556)/8 is divided by (22/(-2) - 1)*-2?
22
Let q(g) = g**2 - 13*g + 75. Let j be q(29). Calculate the remainder when (-90)/(-18) + (j - 2) is divided by 34.
32
Let x(c) = 351*c + 11987. Calculate the remainder when 908 is divided by x(-34).
7
Suppose 48 = -12*h + 4*h. Calculate the remainder when 4*(-1 - (-363)/12) is divided by 18 + 6 + 2 + h.
17
Let s = -94 - -133. Suppose s*u = 20*u + 665. What is the remainder when u is divided by (-4)/3*(-54)/4?
17
Let a(m) = 13*m - 9. What is the remainder when a(6) is divided by (-3 - -15)*26/52*(3 + -1)?
9
Suppose -616 = -10*q - 256. Calculate the remainder when 65 is divided by q.
29
Let z(f) be the third derivative of 15*f**4 - f**3/3 - 17*f**2 + 1. What is the remainder when z(1) is divided by 20?
18
Let h = -14045 - -14753. What is the remainder when h is divided by 347?
14
Let z(r) = 14*r**2 + 11*r + 22. Calculate the remainder when z(-4) is divided by 58.
28
Suppose 1632 = -10*u + 15*u + 4*g, -320 = -u - 4*g. Let c = -250 + u. What is the remainder when c is divided by 10?
8
Suppose -11*w + 3*w + 3520 = 0. Suppose 0 = -5*u + 3*b + w, 2*b = -3*b + 25. What is the remainder when u is divided by 47?
44
Let v = -1164 - -1287. Let u be 46/3 + (-7)/21. Suppose 16 + u = g. Calculate the remainder when v is divided by g.
30
Suppose 0 = 3*w + 4*m + 46, w - 17 + 27 = 4*m. What is the remainder when 9/(-6) - 301/w is divided by 7?
6
Let c(q) = -27*q + 5. Let v(a) = 5*a**3 - 62*a + 107*a + 29*a**2 + 3 - 58*a. What is the remainder when c(-3) is divided by v(-6)?
41
Suppose -4*f = 17 - 97. Let k = f + 23. Let r = 559 + -346. Calculate the remainder when r is divided by k.
41
Let b(g) = 216*g + 2551. Calculate the remainder when b(-5) is divided by 36.
31
Calculate the remainder when 705 is divided by (4/14)/(-1) - (9912/(-49) + 1).
102
Let x(b) = -6*b - 10. Let o(w) = -10*w + 85. Suppose -26 = -3*j - c, -2*j - 22 = -3*j - 3*c. Calculate the remainder when x(-9) is divided by o(j).
14
Let q(f) = 11*f**2 + 9*f + 23. Let c(i) = i**2 + 9*i + 17. Calculate the remainder when q(-2) is divided by c(-8).
4
Let z = 15 - 10. Suppose z*h = 5*g + 40, 5*g + 8 = 2*h - 17. Suppose 62 = h*u - 3*i, -2*i = 2*u + u - 41. What is the remainder when u is divided by 7?
6
Suppose -314*v + 278*v + 9108 = 0. Calculate the remainder when v is divided by 99.
55
Let a = 74 + -42. Suppose 6*h - 496 = 2*h + 12. What is the remainder when h is divided by a?
31
Let x(c) = -2*c**3 - 8*c**2 + 5*c - 4. Let v be x(-6). Let s = v + -185. Let r = s + 199. What is the remainder when r is divided by 25?
24
Calculate the remainder when 20/(1 + (-187)/198) is divided by 29.
12
Let l(j) = -670*j + 270. Calculate the remainder when l(0) is divided by 30.
0
Suppose 808 = 2*n + 10*b, 10*n + 2*b + 1418 = 14*n. Calculate the remainder when n is divided by 315.
44
Calculate the remainder when ((-1)/(-3))/((-307)/(-330639)) is divided by 73.
67
Suppose 4*m = -x + 477, 5*x + m - 1878 = x. Let n = x + -461. What is the remainder when 41 is divided by n?
1
Let r(c) = -301*c - 3373. What is the remainder when r(-23) is divided by 209?
206
Let c = -3049 - -6041. Suppose -21*t = t - c. Calculate the remainder when t is divided by 21.
10
Let s(k) = 33*k**2 - 25*k + 24. What is the remainder when 100 is divided by s(1)?
4
Suppose 0 = -c - 4*g + 18, 0 = 3*c - 8*c + 5*g - 10. Suppose -1 = -m, 0 = -5*w + c*m + 17 + 36. What is the remainder when 329 is divided by w?
10
Let w(n) = -n**3 - 5*n**2 + 3*n - 8. Let z be w(-6). Suppose -z*q = -9*q + 4. What is the remainder when 46 is divided by (-9)/(q/12 - (-5)/(-12))?
10
Let x = 50 + -56. What is the remainder when ((-10)/(40/1254))/(x/8) is divided by 10?
8
Let a = 2 + 0. Let i = -5824 - -5829. Suppose i*q + 5*h - 270 = 0, 5*q - 375 = -a*h - 114. Calculate the remainder when q is divided by 16.
3
Let x(h) = 5*h + 9. Let o be x(12). Suppose -n = -o - 114. Suppose -n = -4*p + 121. Calculate the remainder when p is divided by 26.
24
Suppose -65*j - 292 = -5*c - 64*j, 0 = -2*c - j + 114. What is the remainder when c is divided by 20?
18
Let u be 8 - 5 - 1/((-1)/5). Let d(m) = m**2 - 7*m - 17. Let g be d(u). Let h(l) = l**2 + l - 10. What is the remainder when h(g) is divided by 16?
14
Suppose 185 = 23*y - 91. Calculate the remainder when 117 is divided by 15 + (y + -6 - 9).
9
Suppose -2110 = -72*t - 245 + 799. Suppose j - h - 146 - 113 = 0, -4*h - 16 = 0. Calculate the remainder when j is divided by t.
33
Suppose 414*y - 410*y + 5*t = 76, 2*t + 8 = 0. Calculate the remainder when 803 is divided by y.
11
Let x be 3 - (0 + 1 + -3). Suppose 5*o - w = 166, x*o + 5*w - 161 = w. Let g = 78 + -66. What is the remainder when o is divided by g?
9
Let p = -13 + 16. Suppose 0 = 5*o, p*j - 11*o + 15*o - 18 = 0. What is the remainder when 131 is divided by j?
5
Suppose 48 = 22*i - 14*i. Suppose 0 = -5*z + i*z + 86. Let k = -75 - z. Calculate the remainder when 87 is divided by k.
10
Let z(h) = h**2 - 21*h + 85. Let t be z(16). Suppose 2*d - 102 - 64 = -5*m, -t*m = 5*d - 385. Calculate the remainder when d is divided by 37.
36
Let q = 1482 - 899. Suppose 23*o - 27*o = 3*a - q, -o + 5*a + 140 = 0. Calculate the remainder when o is divided by 34.
9
Let x(p) = 6*p**2 + 44*p - 120. What is the remainder when x(3) is divided by 56?
10
Let u(w) = -2*w**3 - 8*w**2 - 8*w - 2. Let h = 1 + -6. Let i(a) = 8*a - 1. What is the remainder when u(h) is divided by i(3)?
19
Let z be 109/(-3)*(23 + -10 + -4). Let l = -169 - z. What is the remainder when l is divided by 18?
14
Let c(l) = -l**3 - 32*l**2 - 38*l + 137. Let n be c(-30). What is the remainder when 103 is divided by n/(-15) - (7 - 963/135)?
33
Let n = 5428 - -695. What is the remainder when n is divided by 175?
173
Let f = -28 + 61. Let l = -60 - -122. What is the remainder when l is divided by f?
29
Let d be (10/(-8))/(-1) - (-150)/200. Suppose 0 = -3*h - 9, g - d*h = 48 + 5. What is the remainder when g is divided by 25?
22
Let v(y) = -37*y - 1746. Calculate the remainder when 546 is divided by v(-51).
123
Let h = 49 + -47. Suppose 0 = 4*p - 3*p - h. Suppose p*c = 4*k + 104, -5*c - 3*k + 4*k = -215. What is the remainder when c is divided by 23?
19
Let r(d) = -2*d**2 + 140*d - 318. What is the remainder when 492 is divided by r(67)?
72
Suppose -8*x + 306 = -374. Let c = -89 + x. Let a = c + 91. What is the remainder when a is divided by 10?
7
Suppose -4*h + 2*r = -2*h - 1418, 0 = h - 3*r - 709. What is the remainder when h is divided by 1068/(-18)*(-27)/18?
86
Suppose 5*n = -3*u + 265, 8*u + 2*n = 6*u + 174. Let y = -567 - -990. What is the remainder when y is divided by u?
83
Let t(z) = -z**3 + 8*z**2 - 26*z + 55. What is the remainder when 400 is divided by t(4)?
10
Let r be 98/35 - (-8)/40. Suppose 14*q = r*q + 473. Calculate the remainder when q is divided by 34.
9
Let y(r) = -83188*r + 499401. Calculate the remainder when y(6) is divided by -2 + 1 + 48 + -1.
43
What is the remainder when (-16 - (-385)/22)*1/((-9)/(-12246)) is divided by 14?
11
Let j be (1 + -3 + -1)/(6/(-8)). Suppose j = 4*m, 2*b - 4*m + 2*m = 44. What is the remaind